{"id":37,"date":"2015-08-12T17:34:08","date_gmt":"2015-08-12T15:34:08","guid":{"rendered":"http:\/\/www.stawczyk.com.pl\/?page_id=37"},"modified":"2024-09-03T22:47:08","modified_gmt":"2024-09-03T20:47:08","slug":"oferta-studio","status":"publish","type":"page","link":"https:\/\/www.stawczyk.com.pl\/?page_id=37","title":{"rendered":"Oferta studio"},"content":{"rendered":"<p>\n\t<img loading=\"lazy\" decoding=\"async\" alt=\"\" class=\"alignnone wp-image-272\" height=\"1072\" src=\"http:\/\/www.stawczyk.com.pl\/wp-content\/uploads\/2022\/05\/6O5A3169-scaled.jpg\" width=\"715\" srcset=\"https:\/\/www.stawczyk.com.pl\/wp-content\/uploads\/2022\/05\/6O5A3169-scaled.jpg 1707w, https:\/\/www.stawczyk.com.pl\/wp-content\/uploads\/2022\/05\/6O5A3169-200x300.jpg 200w, https:\/\/www.stawczyk.com.pl\/wp-content\/uploads\/2022\/05\/6O5A3169-683x1024.jpg 683w, https:\/\/www.stawczyk.com.pl\/wp-content\/uploads\/2022\/05\/6O5A3169-768x1152.jpg 768w, https:\/\/www.stawczyk.com.pl\/wp-content\/uploads\/2022\/05\/6O5A3169-1024x1536.jpg 1024w, https:\/\/www.stawczyk.com.pl\/wp-content\/uploads\/2022\/05\/6O5A3169-1365x2048.jpg 1365w\" sizes=\"auto, (max-width: 715px) 100vw, 715px\" \/>\n<\/p>\n<p>\n\t&nbsp;\n<\/p>\n<p>\n\t<strong>TRENINGI:<\/strong>\n<\/p>\n<p>\n\tGrupowy &ndash;trening na matach z wykorzystaniem przyrz\u0105d&oacute;w (pi\u0142ki, hantle, obr\u0119cze pilatesowe, wa\u0142ki, dyski, spine correctory) w grupie 4 osobowej.\n<\/p>\n<p>\n\tPersonalny &ndash; trening z jedn\u0105 osob\u0105, nakierowany na indywidualne potrzeby klienta na specjalistycznym sprz\u0119cie do Pilatesu : reformer, wall unit, wunda chair, combo chair, spine corrector, ladder barrel, baby chair, ped-o-pull\n<\/p>\n<p>\n\t&nbsp;\n<\/p>\n<p>\n\t&nbsp;\n<\/p>\n<p>\n\t&nbsp;\n<\/p>\n<p>\n\t&nbsp;<\/p>\n","protected":false},"excerpt":{"rendered":"<p>&nbsp; TRENINGI: Grupowy &ndash;trening na matach z wykorzystaniem przyrz\u0105d&oacute;w (pi\u0142ki, hantle, obr\u0119cze pilatesowe, wa\u0142ki, dyski, spine correctory) w grupie 4 osobowej. Personalny &ndash; trening z jedn\u0105 osob\u0105, nakierowany na indywidualne potrzeby klienta na specjalistycznym sprz\u0119cie do Pilatesu : reformer, wall unit, wunda chair, combo chair, spine corrector, ladder barrel, baby chair, ped-o-pull &nbsp; &nbsp; &nbsp;&#8230;<\/p>\n","protected":false},"author":1,"featured_media":0,"parent":0,"menu_order":0,"comment_status":"closed","ping_status":"open","template":"","meta":{"footnotes":""},"class_list":["post-37","page","type-page","status-publish","hentry"],"_links":{"self":[{"href":"https:\/\/www.stawczyk.com.pl\/index.php?rest_route=\/wp\/v2\/pages\/37","targetHints":{"allow":["GET"]}}],"collection":[{"href":"https:\/\/www.stawczyk.com.pl\/index.php?rest_route=\/wp\/v2\/pages"}],"about":[{"href":"https:\/\/www.stawczyk.com.pl\/index.php?rest_route=\/wp\/v2\/types\/page"}],"author":[{"embeddable":true,"href":"https:\/\/www.stawczyk.com.pl\/index.php?rest_route=\/wp\/v2\/users\/1"}],"replies":[{"embeddable":true,"href":"https:\/\/www.stawczyk.com.pl\/index.php?rest_route=%2Fwp%2Fv2%2Fcomments&post=37"}],"version-history":[{"count":19,"href":"https:\/\/www.stawczyk.com.pl\/index.php?rest_route=\/wp\/v2\/pages\/37\/revisions"}],"predecessor-version":[{"id":313,"href":"https:\/\/www.stawczyk.com.pl\/index.php?rest_route=\/wp\/v2\/pages\/37\/revisions\/313"}],"wp:attachment":[{"href":"https:\/\/www.stawczyk.com.pl\/index.php?rest_route=%2Fwp%2Fv2%2Fmedia&parent=37"}],"curies":[{"name":"wp","href":"https:\/\/api.w.org\/{rel}","templated":true}]}}