{"id":22,"date":"2015-08-11T18:35:26","date_gmt":"2015-08-11T16:35:26","guid":{"rendered":"http:\/\/www.stawczyk.com.pl\/?page_id=22"},"modified":"2022-05-13T14:35:39","modified_gmt":"2022-05-13T12:35:39","slug":"kontakt","status":"publish","type":"page","link":"https:\/\/www.stawczyk.com.pl\/?page_id=22","title":{"rendered":"Kontakt"},"content":{"rendered":"<p><img loading=\"lazy\" decoding=\"async\" class=\"alignnone wp-image-270\" src=\"http:\/\/www.stawczyk.com.pl\/wp-content\/uploads\/2022\/05\/6O5A3199-scaled.jpg\" alt=\"\" width=\"467\" height=\"691\" srcset=\"https:\/\/www.stawczyk.com.pl\/wp-content\/uploads\/2022\/05\/6O5A3199-scaled.jpg 1728w, https:\/\/www.stawczyk.com.pl\/wp-content\/uploads\/2022\/05\/6O5A3199-202x300.jpg 202w, https:\/\/www.stawczyk.com.pl\/wp-content\/uploads\/2022\/05\/6O5A3199-691x1024.jpg 691w, https:\/\/www.stawczyk.com.pl\/wp-content\/uploads\/2022\/05\/6O5A3199-768x1138.jpg 768w, https:\/\/www.stawczyk.com.pl\/wp-content\/uploads\/2022\/05\/6O5A3199-1037x1536.jpg 1037w, https:\/\/www.stawczyk.com.pl\/wp-content\/uploads\/2022\/05\/6O5A3199-1382x2048.jpg 1382w\" sizes=\"auto, (max-width: 467px) 100vw, 467px\" \/> <img loading=\"lazy\" decoding=\"async\" class=\"alignnone wp-image-111\" src=\"http:\/\/www.stawczyk.com.pl\/wp-content\/uploads\/2015\/08\/DSC_8908-e1439534665987-680x1024.jpg\" alt=\"DSC_8908\" width=\"460\" height=\"693\" srcset=\"https:\/\/www.stawczyk.com.pl\/wp-content\/uploads\/2015\/08\/DSC_8908-e1439534665987-680x1024.jpg 680w, https:\/\/www.stawczyk.com.pl\/wp-content\/uploads\/2015\/08\/DSC_8908-e1439534665987-199x300.jpg 199w, https:\/\/www.stawczyk.com.pl\/wp-content\/uploads\/2015\/08\/DSC_8908-e1439534665987.jpg 993w\" sizes=\"auto, (max-width: 460px) 100vw, 460px\" \/><\/p>\n<p><strong>Studio Pilates i Gabinet Osteopatii Stawczyk<\/strong><\/p>\n<p>ul. Wojskowa 5\/47<\/p>\n<p>60-792 Pozna\u0144<\/p>\n<p><strong>OSTEOPATIA REJESTRACJA:<\/strong><\/p>\n<p><strong>Poniedzia\u0142ek &#8211; Pi\u0105tek\u00a0 <\/strong><\/p>\n<p><strong>\u00a0\u00a0\u00a0\u00a0\u00a0\u00a0 9:00-17:00 <\/strong><\/p>\n<p><strong>\u00a0\u00a0 tel. 502 420 169<\/strong><br \/>\ne-mail: <a href=\"mailto:zbyszkostawczyk@tlen.pl\">zbyszkostawczyk@tlen.pl<\/a><\/p>\n<p><strong>PILATES STUDIO:<\/strong><br \/>\nKatarzyna Stawczyk<br \/>\nmgr fizjoterapii, instruktor Pilates<br \/>\nzapisy: tel. 516 166 716<br \/>\ne-mail: <a href=\"mailto:kasiastawczyk@tlen.pl\">kasiastawczyk@tlen.pl<\/a><\/p>\n<p>&nbsp;<br \/>\n<iframe src=\"https:\/\/www.google.com\/maps\/embed?pb=!1m18!1m12!1m3!1d1217.1390559192505!2d16.89098465832774!3d52.40163563142481!2m3!1f0!2f0!3f0!3m2!1i1024!2i768!4f13.1!3m3!1m2!1s0x470444d04de44d87%3A0x1f46827056967558!2sWojskowa%205%2C%2060-792%20Pozna%C5%84%2C%20Polska!5e0!3m2!1spl!2sde!4v1652445314428!5m2!1spl!2sde\" width=\"1000\" height=\"450\" style=\"border:0;\" allowfullscreen=\"\" loading=\"lazy\" referrerpolicy=\"no-referrer-when-downgrade\"><\/iframe><\/p>\n","protected":false},"excerpt":{"rendered":"<p>Studio Pilates i Gabinet Osteopatii Stawczyk ul. Wojskowa 5\/47 60-792 Pozna\u0144 OSTEOPATIA REJESTRACJA: Poniedzia\u0142ek &#8211; Pi\u0105tek\u00a0 \u00a0\u00a0\u00a0\u00a0\u00a0\u00a0 9:00-17:00 \u00a0\u00a0 tel. 502 420 169 e-mail: zbyszkostawczyk@tlen.pl PILATES STUDIO: Katarzyna Stawczyk mgr fizjoterapii, instruktor Pilates zapisy: tel. 516 166 716 e-mail: kasiastawczyk@tlen.pl &nbsp;<\/p>\n","protected":false},"author":1,"featured_media":0,"parent":0,"menu_order":0,"comment_status":"closed","ping_status":"open","template":"","meta":{"footnotes":""},"class_list":["post-22","page","type-page","status-publish","hentry"],"_links":{"self":[{"href":"https:\/\/www.stawczyk.com.pl\/index.php?rest_route=\/wp\/v2\/pages\/22","targetHints":{"allow":["GET"]}}],"collection":[{"href":"https:\/\/www.stawczyk.com.pl\/index.php?rest_route=\/wp\/v2\/pages"}],"about":[{"href":"https:\/\/www.stawczyk.com.pl\/index.php?rest_route=\/wp\/v2\/types\/page"}],"author":[{"embeddable":true,"href":"https:\/\/www.stawczyk.com.pl\/index.php?rest_route=\/wp\/v2\/users\/1"}],"replies":[{"embeddable":true,"href":"https:\/\/www.stawczyk.com.pl\/index.php?rest_route=%2Fwp%2Fv2%2Fcomments&post=22"}],"version-history":[{"count":14,"href":"https:\/\/www.stawczyk.com.pl\/index.php?rest_route=\/wp\/v2\/pages\/22\/revisions"}],"predecessor-version":[{"id":58,"href":"https:\/\/www.stawczyk.com.pl\/index.php?rest_route=\/wp\/v2\/pages\/22\/revisions\/58"}],"wp:attachment":[{"href":"https:\/\/www.stawczyk.com.pl\/index.php?rest_route=%2Fwp%2Fv2%2Fmedia&parent=22"}],"curies":[{"name":"wp","href":"https:\/\/api.w.org\/{rel}","templated":true}]}}